mmon factor of 8767215 and 45?
45
What is the greatest common factor of 315576 and 1169208?
216
What is the greatest common factor of 2553 and 3066153?
2553
Calculate the highest common factor of 26904 and 1668756.
708
Calculate the highest common factor of 79804164 and 2970.
66
Calculate the highest common divisor of 4255328 and 1245167.
12089
What is the highest common factor of 32524 and 1383308?
692
Calculate the greatest common factor of 22673482 and 494.
26
What is the greatest common factor of 3932 and 1203809324?
3932
What is the greatest common factor of 2104206 and 13780?
1378
Calculate the greatest common factor of 324 and 122981004.
324
What is the greatest common factor of 128 and 10340976?
16
Calculate the greatest common factor of 48074 and 956683.
13
Calculate the highest common divisor of 8075550 and 9695.
35
Calculate the highest common factor of 502251 and 4785.
87
What is the highest common factor of 622 and 32851241?
311
Calculate the greatest common factor of 13125 and 2786700.
525
What is the greatest common divisor of 2180 and 1080327340?
2180
Calculate the greatest common factor of 926 and 4398963.
463
Calculate the greatest common factor of 58 and 319430998.
58
Calculate the highest common divisor of 35290465 and 140.
35
Calculate the highest common factor of 15460035 and 2802.
1401
What is the highest common factor of 12057235 and 3460?
865
What is the highest common factor of 30557821 and 2107?
2107
Calculate the greatest common factor of 675 and 1424430.
45
Calculate the greatest common factor of 9983 and 240061.
67
What is the highest common divisor of 475398 and 7615629?
3087
Calculate the highest common divisor of 1049344 and 438272.
256
What is the highest common factor of 594 and 41863434?
6
What is the greatest common factor of 70497 and 3614751?
63
Calculate the greatest common divisor of 21769399 and 746.
373
What is the greatest common factor of 38768 and 27680?
16
Calculate the highest common factor of 1259 and 305935741.
1259
What is the greatest common factor of 9140 and 227819070?
4570
Calculate the greatest common divisor of 32211531 and 6.
3
What is the highest common divisor of 80678 and 1848639?
1391
Calculate the greatest common factor of 518 and 838314106.
518
Calculate the highest common divisor of 241 and 318179527.
241
Calculate the highest common divisor of 137 and 370262639.
137
Calculate the highest common divisor of 1435 and 24410785.
1435
Calculate the highest common divisor of 1323083 and 4107.
37
What is the greatest common divisor of 3601 and 5766360522?
3601
Calculate the highest common divisor of 511 and 911770.
73
What is the highest common divisor of 90 and 23527215?
45
What is the highest common divisor of 76 and 2745101?
19
What is the greatest common divisor of 5773236665 and 3169?
3169
What is the greatest common factor of 75 and 21385425?
75
What is the highest common divisor of 22 and 843457934?
22
What is the highest common factor of 290 and 897784030?
290
Calculate the greatest common factor of 95 and 68840572.
19
What is the greatest common divisor of 97937586 and 223?
223
Calculate the greatest common divisor of 81926 and 3275259.
1781
Calculate the greatest common divisor of 696 and 897231.
87
What is the highest common divisor of 788212 and 409546?
386
What is the greatest common divisor of 407296413 and 2934?
1467
Calculate the highest common divisor of 7609490 and 1225.
35
What is the greatest common factor of 225 and 1269219375?
225
Calculate the highest common divisor of 3724105 and 14399.
1309
Calculate the greatest common divisor of 19098 and 354.
6
What is the highest common factor of 2504614 and 111104?
434
Calculate the highest common divisor of 41974 and 1041226.
1354
What is the highest common factor of 2064 and 288325191?
129
What is the highest common factor of 23218903 and 226738?
1553
What is the greatest common divisor of 1624 and 1299896?
232
Calculate the highest common factor of 14025310 and 2702.
386
Calculate the greatest common factor of 173978694 and 72.
18
What is the greatest common divisor of 260064 and 118293?
903
What is the greatest common factor of 201111743 and 7?
7
What is the greatest common factor of 26869725 and 109350?
6075
Calculate the highest common factor of 102904496 and 2144.
1072
Calculate the greatest common factor of 4 and 12949994.
2
What is the greatest common factor of 292405 and 30530?
5
What is the highest common divisor of 22700 and 34064528?
908
Calculate the highest common factor of 1568 and 9574992.
784
What is the greatest common divisor of 14354 and 596?
2
Calculate the greatest common divisor of 1127 and 132128353.
1127
What is the highest common divisor of 17745 and 205535603?
1183
Calculate the greatest common divisor of 5929 and 192915261.
847
What is the highest common divisor of 32 and 43371568?
16
Calculate the greatest common divisor of 12753 and 221706.
981
What is the greatest common factor of 22 and 499477847?
11
What is the highest common divisor of 126398177 and 659?
659
What is the highest common factor of 258 and 1201879842?
258
What is the greatest common factor of 44 and 23322882?
22
Calculate the greatest common factor of 1988766 and 116610.
78
Calculate the greatest common factor of 17389758 and 732.
366
Calculate the highest common divisor of 12 and 232788642.
6
What is the greatest common factor of 16 and 3399801?
1
What is the greatest common factor of 4375 and 2093375?
125
Calculate the highest common factor of 1645445751 and 4479.
4479
What is the highest common divisor of 888266980 and 1108?
1108
What is the highest common divisor of 122048 and 88336?
16
Calculate the greatest common factor of 21011636 and 2828.
404
Calculate the highest common factor of 261604 and 5348.
28
What is the greatest common divisor of 1083797 and 33517?
121
Calculate the greatest common factor of 1622 and 33404279.
811
What is the highest common factor of 70548 and 18588?
12
Calculate the highest common factor of 110330206 and 2968.
742
What is the greatest common factor of 11 and 310959847?
11
Calculate the highest common factor of 170605 and 9884785.
1145
Calculate the greatest common divisor of 40153096 and 51540.
3436
Calculate the highest common factor of 824111 and 3974587.
3041
What is the greatest common divisor of 1451822875 and 250?
125
What is the greatest common divisor of 306886466 and 194?
194
What is the greatest common divisor of 5433632 and 631560?
2216
What is the greatest common divisor of 2590 and 391503105?
1295
Calculate the highest common divisor of 47321 and 15542253.
599
What is the greatest common factor of 11466 and 2358027?
441
What is the greatest common factor of 294401250 and 375?
375
What is the highest common factor of 3738 and 2254?
14
What is the greatest common divisor of 378257 and 2329?
137
What is the greatest common divisor of 7 and 11008663?
1
Calculate the greatest common divisor of 494 and 6561670102.
494
Calculate the highest common divisor of 2080493 and 461.
461
What is the greatest common factor of 380726 and 697?
41
What is the greatest common divisor of 169 and 228111637?
169
What is the highest common factor of 25 and 370409925?
25
Calculate the highest common divisor of 36 and 2297682.
18
What is the highest common divisor of 259376 and 50224?
688
What is the highest common factor of 1712 and 65336?
8
What is the greatest common divisor of 7378 and 31722068?
238
Calculate the greatest common divisor of 27 and 45947403.
9
What is the highest common factor of 90 and 28766430?
90
What is the highest common factor of 27740 and 41232736?
5548
What is the highest common divisor of 18 and 10627893?
9
What is the greatest common divisor of 67839001 and 2162?
47
Calculate the greatest common factor of 489478 and 57.
19
What is the greatest common factor of 969 and 2432874?
57
Calculate the highest common factor of 17693911 and 1.
1
What is the greatest common factor of 3395 and 1277528315?
3395
Calculate the highest common divisor of 42 and 59030489.
7
Calculate the greatest common factor of 1346908 and 1004.
4
What is the greatest common factor of 14771047 and 827?
827
Calculate the highest common divisor of 50 and 49168925.
25
Calculate the highest common divisor o